{"id":8097,"date":"2021-06-22T08:59:23","date_gmt":"2021-06-22T11:59:23","guid":{"rendered":"https:\/\/usicomp.com.br\/loja\/?post_type=product&#038;p=8097"},"modified":"2026-04-28T10:44:48","modified_gmt":"2026-04-28T13:44:48","slug":"pote-plastico-redondo-300ml-tampa-dosadora-caixa-50","status":"publish","type":"product","link":"https:\/\/usicomp.com.br\/loja\/product\/pote-plastico-redondo-300ml-tampa-dosadora-caixa-50\/","title":{"rendered":"Pote Redondo 300ml com Tampa Dosadora C\/50 Un"},"content":{"rendered":"<p>Frasco redondo.<br \/>\nTampa de rosca.<\/p>\n<h5>Dimens\u00f5es<\/h5>\n<table>\n<tbody>\n<tr>\n<td width=\"142\">Capacidade<\/td>\n<td width=\"142\">\n<p style=\"text-align: left;\">300 ml<\/p>\n<\/td>\n<\/tr>\n<tr>\n<td width=\"142\">Altura- cm<\/td>\n<td width=\"142\">\n<p style=\"text-align: left;\">12,4<\/p>\n<\/td>\n<\/tr>\n<tr>\n<td width=\"142\">Di\u00e2metro \u2013 cm<\/td>\n<td width=\"142\">\n<p style=\"text-align: left;\">6,5<\/p>\n<\/td>\n<\/tr>\n<tr>\n<td width=\"142\">Circunfer\u00eancia \u2013 cm<\/td>\n<td width=\"142\">\n<p style=\"text-align: left;\">20,8<\/p>\n<\/td>\n<\/tr>\n<tr>\n<td width=\"142\">Gramatura<\/td>\n<td width=\"142\">\n<p style=\"text-align: left;\">16,0<\/p>\n<\/td>\n<\/tr>\n<\/tbody>\n<\/table>\n<h5>Tamanho da Boca<\/h5>\n<p>38 mm.<\/p>\n<h5>Caracter\u00edsticas do Produto<\/h5>\n<p>O Pote em Pet \u00e9 um modelo considerado <strong><u>multiuso,<\/u><\/strong> podendo ser utilizado para coloca\u00e7\u00e3o de diversos produtos, desde condimentos, alimentos em geral, como tamb\u00e9m para organiza\u00e7\u00e3o de aviamentos, ferramentas, parafusos, al\u00e9m de ser uma \u00f3tima op\u00e7\u00e3o em decora\u00e7\u00e3o de festas infantis com a coloca\u00e7\u00e3o de doces.<\/p>\n<p>O Pet \u00e9 um material\u00a0<strong><em>100% transparente<\/em><\/strong>\u00a0e livre de Bisfenol (BPA free). Dispon\u00edvel no formato Redondo, com disponibilidade de espa\u00e7o para coloca\u00e7\u00e3o de r\u00f3tulo.<\/p>\n<p>O material Pet, al\u00e9m de aumentar a durabilidade do produto envasado, n\u00e3o absorve cor e nem ret\u00e9m cheiro.<br \/>\nSua tampa pode ser de rosca com lacre, como tamb\u00e9m tampa \u201ctempero\u201d,\u00a0 diversificando sua utiliza\u00e7\u00e3o.<\/p>\n","protected":false},"excerpt":{"rendered":"<p>Frasco redondo. Tampa de rosca. Dimens\u00f5es Capacidade 300 ml Altura- cm 12,4 Di\u00e2metro \u2013 cm 6,5 Circunfer\u00eancia \u2013 cm 20,8<\/p>\n","protected":false},"featured_media":8098,"comment_status":"open","ping_status":"closed","template":"","meta":{"om_disable_all_campaigns":false},"product_brand":[],"product_cat":[38],"product_tag":[],"woo-feed-brand":[],"class_list":{"0":"post-8097","1":"product","2":"type-product","3":"status-publish","4":"has-post-thumbnail","6":"product_cat-potes","8":"first","9":"instock","10":"shipping-taxable","11":"purchasable","12":"product-type-simple"},"aioseo_notices":[],"_links":{"self":[{"href":"https:\/\/usicomp.com.br\/loja\/wp-json\/wp\/v2\/product\/8097","targetHints":{"allow":["GET"]}}],"collection":[{"href":"https:\/\/usicomp.com.br\/loja\/wp-json\/wp\/v2\/product"}],"about":[{"href":"https:\/\/usicomp.com.br\/loja\/wp-json\/wp\/v2\/types\/product"}],"replies":[{"embeddable":true,"href":"https:\/\/usicomp.com.br\/loja\/wp-json\/wp\/v2\/comments?post=8097"}],"wp:featuredmedia":[{"embeddable":true,"href":"https:\/\/usicomp.com.br\/loja\/wp-json\/wp\/v2\/media\/8098"}],"wp:attachment":[{"href":"https:\/\/usicomp.com.br\/loja\/wp-json\/wp\/v2\/media?parent=8097"}],"wp:term":[{"taxonomy":"product_brand","embeddable":true,"href":"https:\/\/usicomp.com.br\/loja\/wp-json\/wp\/v2\/product_brand?post=8097"},{"taxonomy":"product_cat","embeddable":true,"href":"https:\/\/usicomp.com.br\/loja\/wp-json\/wp\/v2\/product_cat?post=8097"},{"taxonomy":"product_tag","embeddable":true,"href":"https:\/\/usicomp.com.br\/loja\/wp-json\/wp\/v2\/product_tag?post=8097"},{"taxonomy":"woo-feed-brand","embeddable":true,"href":"https:\/\/usicomp.com.br\/loja\/wp-json\/wp\/v2\/woo-feed-brand?post=8097"}],"curies":[{"name":"wp","href":"https:\/\/api.w.org\/{rel}","templated":true}]}}