{"id":3,"date":"2021-02-03T20:14:28","date_gmt":"2021-02-03T23:14:28","guid":{"rendered":"http:\/\/usicomp.com.br\/loja\/?page_id=3"},"modified":"2021-07-20T15:52:59","modified_gmt":"2021-07-20T18:52:59","slug":"politica-de-privacidade","status":"publish","type":"page","link":"https:\/\/usicomp.com.br\/loja\/politica-de-privacidade\/","title":{"rendered":"Pol\u00edtica de Privacidade"},"content":{"rendered":"\r\n<h2 class=\"wp-block-heading\">Quem somos<\/h2>\r\n\r\n\r\n\r\n<p>O endere\u00e7o do nosso site \u00e9: http:\/\/usicomp.com.br\/loja.<\/p>\r\n\r\n\r\n\r\n<h2 class=\"wp-block-heading\">Quais dados pessoais coletamos e porque<\/h2>\r\n\r\n\r\n\r\n<h3 class=\"wp-block-heading\">Coment\u00e1rios<\/h3>\r\n\r\n\r\n\r\n<p>Quando os visitantes deixam coment\u00e1rios no site, coletamos os dados mostrados no formul\u00e1rio de coment\u00e1rios, al\u00e9m do endere\u00e7o de IP e de dados do navegador do visitante, para auxiliar na detec\u00e7\u00e3o de spam.<\/p>\r\n\r\n\r\n\r\n<p>Uma sequ\u00eancia anonimizada de caracteres criada a partir do seu e-mail (tamb\u00e9m chamada de hash) poder\u00e1 ser enviada para o Gravatar para verificar se voc\u00ea usa o servi\u00e7o. A pol\u00edtica de privacidade do Gravatar est\u00e1 dispon\u00edvel aqui: https:\/\/automattic.com\/privacy\/. Depois da aprova\u00e7\u00e3o do seu coment\u00e1rio, a foto do seu perfil fica vis\u00edvel publicamente junto de seu coment\u00e1rio.<\/p>\r\n\r\n\r\n\r\n<h3 class=\"wp-block-heading\">M\u00eddia<\/h3>\r\n\r\n\r\n\r\n<p>Se voc\u00ea envia imagens para o site, evite enviar as que contenham dados de localiza\u00e7\u00e3o incorporados (EXIF GPS). Visitantes podem baixar estas imagens do site e extrair delas seus dados de localiza\u00e7\u00e3o.<\/p>\r\n\r\n\r\n\r\n<h1 class=\"wp-block-heading\">Pol\u00edtica Privacidade<\/h1>\r\n<h2>Pol\u00edtica Privacidade<\/h2>\r\n<p style=\"font-weight: 400;\">A sua privacidade \u00e9 importante para n\u00f3s. \u00c9 pol\u00edtica da USICOMP respeitar a sua privacidade em rela\u00e7\u00e3o a qualquer informa\u00e7\u00e3o sua que possamos coletar no site\u00a0USICOMP, e outros sites que possu\u00edmos e operamos.<\/p>\r\n<p style=\"font-weight: 400;\">Solicitamos informa\u00e7\u00f5es pessoais apenas quando realmente precisamos delas para lhe fornecer um servi\u00e7o. Fazemo-lo por meios justos e legais, com o seu conhecimento e consentimento. Tamb\u00e9m informamos por que estamos coletando e como ser\u00e1 usado.<\/p>\r\n<p style=\"font-weight: 400;\">Apenas retemos as informa\u00e7\u00f5es coletadas pelo tempo necess\u00e1rio para fornecer o servi\u00e7o solicitado. Quando armazenamos dados, protegemos dentro de meios comercialmente aceit\u00e1veis \u200b\u200bpara evitar perdas e roubos, bem como acesso, divulga\u00e7\u00e3o, c\u00f3pia, uso ou modifica\u00e7\u00e3o n\u00e3o autorizados.<\/p>\r\n<p style=\"font-weight: 400;\">N\u00e3o compartilhamos informa\u00e7\u00f5es de identifica\u00e7\u00e3o pessoal publicamente ou com terceiros, exceto quando exigido por lei.<\/p>\r\n<p style=\"font-weight: 400;\">O nosso site pode ter links para sites externos que n\u00e3o s\u00e3o operados por n\u00f3s. Esteja ciente de que n\u00e3o temos controle sobre o conte\u00fado e pr\u00e1ticas desses sites e n\u00e3o podemos aceitar responsabilidade por suas respectivas\u00a0<a href=\"https:\/\/politicaprivacidade.com\/\" data-saferedirecturl=\"https:\/\/www.google.com\/url?q=https:\/\/politicaprivacidade.com\/&amp;source=gmail&amp;ust=1626887392766000&amp;usg=AFQjCNFcMl0k0_NqUhXa0Ivy-9EeFhqzWQ\">pol\u00edticas de privacidade<\/a>.<\/p>\r\n<p style=\"font-weight: 400;\">Voc\u00ea \u00e9 livre para recusar a nossa solicita\u00e7\u00e3o de informa\u00e7\u00f5es pessoais, entendendo que talvez n\u00e3o possamos fornecer alguns dos servi\u00e7os desejados.<\/p>\r\n<p style=\"font-weight: 400;\">O uso continuado de nosso site ser\u00e1 considerado como aceita\u00e7\u00e3o de nossas pr\u00e1ticas em torno de privacidade e informa\u00e7\u00f5es pessoais. Se voc\u00ea tiver alguma d\u00favida sobre como lidamos com dados do usu\u00e1rio e informa\u00e7\u00f5es pessoais, entre em contacto conosco.<\/p>\r\n<h2>Pol\u00edtica de Cookies USICOMP<\/h2>\r\n<h3>O que s\u00e3o cookies?<\/h3>\r\n<p style=\"font-weight: 400;\">Como \u00e9 pr\u00e1tica comum em quase todos os sites profissionais, este site usa cookies, que s\u00e3o pequenos arquivos baixados no seu computador, para melhorar sua experi\u00eancia. Esta p\u00e1gina descreve quais informa\u00e7\u00f5es eles coletam, como as usamos e por que \u00e0s vezes precisamos armazenar esses cookies. Tamb\u00e9m compartilharemos como voc\u00ea pode impedir que esses cookies sejam armazenados, no entanto, isso pode fazer o downgrade ou &#8216;quebrar&#8217; certos elementos da funcionalidade do site.<\/p>\r\n<h3>Como usamos os cookies?<\/h3>\r\n<p style=\"font-weight: 400;\">Utilizamos cookies por v\u00e1rios motivos, detalhados abaixo. Infelizmente, na maioria dos casos, n\u00e3o existem op\u00e7\u00f5es padr\u00e3o do setor para desativar os cookies sem desativar completamente a funcionalidade e os recursos que eles adicionam a este site. \u00c9 recomend\u00e1vel que voc\u00ea deixe todos os cookies se n\u00e3o tiver certeza se precisa ou n\u00e3o deles, caso sejam usados \u200b\u200bpara fornecer um servi\u00e7o que voc\u00ea usa.<\/p>\r\n<h3>Desativar cookies<\/h3>\r\n<p style=\"font-weight: 400;\">Voc\u00ea pode impedir a configura\u00e7\u00e3o de cookies ajustando as configura\u00e7\u00f5es do seu navegador (consulte a Ajuda do navegador para saber como fazer isso). Esteja ciente de que a desativa\u00e7\u00e3o de cookies afetar\u00e1 a funcionalidade deste e de muitos outros sites que voc\u00ea visita. A desativa\u00e7\u00e3o de cookies geralmente resultar\u00e1 na desativa\u00e7\u00e3o de determinadas funcionalidades e recursos deste site. Portanto, \u00e9 recomend\u00e1vel que voc\u00ea n\u00e3o desative os cookies.<\/p>\r\n<h3>Cookies que definimos<\/h3>\r\n<ul style=\"font-weight: 400;\">\r\n<li>Cookies relacionados \u00e0 conta<br \/><br \/>Se voc\u00ea criar uma conta conosco, usaremos cookies para o gerenciamento do processo de inscri\u00e7\u00e3o e administra\u00e7\u00e3o geral. Esses cookies geralmente ser\u00e3o exclu\u00eddos quando voc\u00ea sair do sistema, por\u00e9m, em alguns casos, eles poder\u00e3o permanecer posteriormente para lembrar as prefer\u00eancias do seu site ao sair.<br \/><br \/><\/li>\r\n<li>Cookies relacionados ao login<br \/><br \/>Utilizamos cookies quando voc\u00ea est\u00e1 logado, para que possamos lembrar dessa a\u00e7\u00e3o. Isso evita que voc\u00ea precise fazer login sempre que visitar uma nova p\u00e1gina. Esses cookies s\u00e3o normalmente removidos ou limpos quando voc\u00ea efetua logout para garantir que voc\u00ea possa acessar apenas a recursos e \u00e1reas restritas ao efetuar login.<br \/><br \/><\/li>\r\n<li>Pedidos processando cookies relacionados<br \/><br \/>Este site oferece facilidades de com\u00e9rcio eletr\u00f4nico ou pagamento e alguns cookies s\u00e3o essenciais para garantir que seu pedido seja lembrado entre as p\u00e1ginas, para que possamos process\u00e1-lo adequadamente.<br \/><br \/><\/li>\r\n<li>Cookies relacionados a formul\u00e1rios<br \/><br \/>Quando voc\u00ea envia dados por meio de um formul\u00e1rio como os encontrados nas p\u00e1ginas de contacto ou nos formul\u00e1rios de coment\u00e1rios, os cookies podem ser configurados para lembrar os detalhes do usu\u00e1rio para correspond\u00eancia futura.<br \/><br \/><\/li>\r\n<li>Cookies de prefer\u00eancias do site<br \/><br \/>Para proporcionar uma \u00f3tima experi\u00eancia neste site, fornecemos a funcionalidade para definir suas prefer\u00eancias de como esse site \u00e9 executado quando voc\u00ea o usa. Para lembrar suas prefer\u00eancias, precisamos definir cookies para que essas informa\u00e7\u00f5es possam ser chamadas sempre que voc\u00ea interagir com uma p\u00e1gina for afetada por suas prefer\u00eancias.<\/li>\r\n<\/ul>\r\n<h3>Cookies de Terceiros<\/h3>\r\n<p style=\"font-weight: 400;\">Em alguns casos especiais, tamb\u00e9m usamos cookies fornecidos por terceiros confi\u00e1veis. A se\u00e7\u00e3o a seguir detalha quais cookies de terceiros voc\u00ea pode encontrar atrav\u00e9s deste site.<\/p>\r\n<ul style=\"font-weight: 400;\">\r\n<li>Este site usa o Google Analytics, que \u00e9 uma das solu\u00e7\u00f5es de an\u00e1lise mais difundidas e confi\u00e1veis \u200b\u200bda Web, para nos ajudar a entender como voc\u00ea usa o site e como podemos melhorar sua experi\u00eancia. Esses cookies podem rastrear itens como quanto tempo voc\u00ea gasta no site e as p\u00e1ginas visitadas, para que possamos continuar produzindo conte\u00fado atraente.<\/li>\r\n<\/ul>\r\n<p style=\"font-weight: 400;\">Para mais informa\u00e7\u00f5es sobre cookies do Google Analytics, consulte a p\u00e1gina oficial do Google Analytics.<\/p>\r\n<ul style=\"font-weight: 400;\">\r\n<li>As an\u00e1lises de terceiros s\u00e3o usadas para rastrear e medir o uso deste site, para que possamos continuar produzindo conte\u00fado atrativo. Esses cookies podem rastrear itens como o tempo que voc\u00ea passa no site ou as p\u00e1ginas visitadas, o que nos ajuda a entender como podemos melhorar o site para voc\u00ea.<\/li>\r\n<li>Periodicamente, testamos novos recursos e fazemos altera\u00e7\u00f5es subtis na maneira como o site se apresenta. Quando ainda estamos testando novos recursos, esses cookies podem ser usados \u200b\u200bpara garantir que voc\u00ea receba uma experi\u00eancia consistente enquanto estiver no site, enquanto entendemos quais otimiza\u00e7\u00f5es os nossos usu\u00e1rios mais apreciam.<\/li>\r\n<li>\u00c0 medida que vendemos produtos, \u00e9 importante entendermos as estat\u00edsticas sobre quantos visitantes de nosso site realmente compram e, portanto, esse \u00e9 o tipo de dados que esses cookies rastrear\u00e3o. Isso \u00e9 importante para voc\u00ea, pois significa que podemos fazer previs\u00f5es de neg\u00f3cios com precis\u00e3o que nos permitem analizar nossos custos de publicidade e produtos para garantir o melhor pre\u00e7o poss\u00edvel.<\/li>\r\n<\/ul>\r\n<h3>Compromisso do Usu\u00e1rio<\/h3>\r\n<p style=\"font-weight: 400;\">O usu\u00e1rio se compromete a fazer uso adequado dos conte\u00fados e da informa\u00e7\u00e3o que a USICOMP oferece no site e com car\u00e1ter enunciativo, mas n\u00e3o limitativo:<\/p>\r\n<ul style=\"font-weight: 400;\">\r\n<li>A) N\u00e3o se envolver em atividades que sejam ilegais ou contr\u00e1rias \u00e0 boa f\u00e9 a \u00e0 ordem p\u00fablica;<\/li>\r\n<li>B) N\u00e3o divulgar conte\u00fado ou propaganda de natureza racista, xenof\u00f3bica,\u00a0apostas desportivas, pornografia ilegal, de apologia ao terrorismo ou contra os direitos humanos;<\/li>\r\n<li>C) N\u00e3o causar danos aos sistemas f\u00edsicos (hardwares) e l\u00f3gicos (softwares) do USICOMP, de seus fornecedores ou terceiros, para introduzir ou disseminar v\u00edrus inform\u00e1ticos ou quaisquer outros sistemas de hardware ou software que sejam capazes de causar danos anteriormente mencionados.<\/li>\r\n<\/ul>\r\n<h3>Mais informa\u00e7\u00f5es<\/h3>\r\n<p style=\"font-weight: 400;\">Esperemos que esteja esclarecido e, como mencionado anteriormente, se houver algo que voc\u00ea n\u00e3o tem certeza se precisa ou n\u00e3o, geralmente \u00e9 mais seguro deixar os cookies ativados, caso interaja com um dos recursos que voc\u00ea usa em nosso site.<\/p>\r\n<p style=\"font-weight: 400;\">Esta pol\u00edtica \u00e9 efetiva a partir de\u00a0Julho\/21.<\/p>\r\n<p>&nbsp;<\/p>\r\n<h1>POL\u00cdTICAS DE COMPRAS<\/h1>\r\n<h3>1. Disponibilidade de Entregas<\/h3>\r\n<p>Os produtos adquiridos estar\u00e3o dispon\u00edveis para entrega de acordo com as quantidades mencionadas em estoque.<br \/>Com entrega prevista entre 1-3 dias \u00fateis (SEDEX) ou 3-10 dias \u00fateis (COREIOS), ap\u00f3s confirma\u00e7\u00e3o do pagamento.<br \/>Ficando a cargo dessas empresas poss\u00edveis altera\u00e7\u00f5es que possam sofrer os prazos divulgados no site.<br \/>O prazo de entrega depende do seu CEP e \u00e9 calculado automaticamente no seu carrinho de compras.<\/p>\r\n<h3><br \/>2. Devolu\u00e7\u00e3o por Arrependimento \/ Desint\u00eancia<\/h3>\r\n<p>Sobre as Condi\u00e7\u00f5es e Prazos:<\/p>\r\n<p>Se, ao receber o produto, voc\u00ea resolver devolv\u00ea-lo por arrependimento, dever\u00e1 faz\u00ea-lo em at\u00e9 sete dias corridos, a contar da data de recebimento, observando as seguintes condi\u00e7\u00f5es:<\/p>\r\n<p>2.1. O produto n\u00e3o poder\u00e1 ter ind\u00edcio de uso.<\/p>\r\n<p>2.2. O produto dever\u00e1 ser encaminhado na sua embalagem original, sem viola\u00e7\u00e3o, acompanhado da Nota Fiscal.<\/p>\r\n<p>2.3. N\u00e3o devolvemos valor referente ao frete.<\/p>\r\n<p>O produto dever\u00e1 estar acompanhado da Nota Fiscal, Etiquetas e Tags (etiqueta de c\u00f3digo de refer\u00eancia do produto), caso constem as mesmas, no recebimento do produto.<br \/>Ao efetuar o processo de devolu\u00e7\u00e3o\/troca o cliente dever\u00e1, no verso da Nota Fiscal a ser devolvida\/trocada, informar: o motivo da devolu\u00e7\u00e3o\/troca, nome de quem est\u00e1 devolvendo, CPF e data do envio.<\/p>\r\n<h3><br \/>3. Ressarcimento de Valores para Devolu\u00e7\u00e3o do Produto<\/h3>\r\n<p>Se optar pela devolu\u00e7\u00e3o do valor, verifique abaixo as condi\u00e7\u00f5es para o processo de ressarcimento.<\/p>\r\n<p>Produto com Defeito\/Avaria<\/p>\r\n<p>Se ao receber o produto voc\u00ea identificar qualquer defeito, pode solicitar a troca\/devolu\u00e7\u00e3o normalmente em nosso site.<\/p>\r\n<p>Para efetuar a troca\/devolu\u00e7\u00e3o do produto com avaria, dever\u00e3o ser observadas as seguintes condi\u00e7\u00f5es:<\/p>\r\n<p>3.1. O produto n\u00e3o poder\u00e1 ter ind\u00edcio de uso.<\/p>\r\n<p>3.2. O produto dever\u00e1 ser encaminhado na sua embalagem original, sem viola\u00e7\u00e3o, acompanhado da Nota Fiscal.<\/p>\r\n<p>3.3. N\u00e3o devolvemos valor referente ao frete.<\/p>\r\n","protected":false},"excerpt":{"rendered":"<p>Quem somos O endere\u00e7o do nosso site \u00e9: http:\/\/usicomp.com.br\/loja. Quais dados pessoais coletamos e porque Coment\u00e1rios Quando os visitantes deixam<\/p>\n","protected":false},"author":3,"featured_media":0,"parent":0,"menu_order":0,"comment_status":"closed","ping_status":"open","template":"","meta":{"om_disable_all_campaigns":false,"footnotes":""},"class_list":["post-3","page","type-page","status-publish","hentry"],"aioseo_notices":[],"_links":{"self":[{"href":"https:\/\/usicomp.com.br\/loja\/wp-json\/wp\/v2\/pages\/3","targetHints":{"allow":["GET"]}}],"collection":[{"href":"https:\/\/usicomp.com.br\/loja\/wp-json\/wp\/v2\/pages"}],"about":[{"href":"https:\/\/usicomp.com.br\/loja\/wp-json\/wp\/v2\/types\/page"}],"author":[{"embeddable":true,"href":"https:\/\/usicomp.com.br\/loja\/wp-json\/wp\/v2\/users\/3"}],"replies":[{"embeddable":true,"href":"https:\/\/usicomp.com.br\/loja\/wp-json\/wp\/v2\/comments?post=3"}],"version-history":[{"count":3,"href":"https:\/\/usicomp.com.br\/loja\/wp-json\/wp\/v2\/pages\/3\/revisions"}],"predecessor-version":[{"id":8193,"href":"https:\/\/usicomp.com.br\/loja\/wp-json\/wp\/v2\/pages\/3\/revisions\/8193"}],"wp:attachment":[{"href":"https:\/\/usicomp.com.br\/loja\/wp-json\/wp\/v2\/media?parent=3"}],"curies":[{"name":"wp","href":"https:\/\/api.w.org\/{rel}","templated":true}]}}